 w = 0 + 5. Let n(h) = 2*h. Let t be n(w). What is the greatest common divisor of k and t?
10
Suppose -134 = -3*o + 211. Calculate the highest common divisor of o and 23.
23
Let h(a) = a**3 - 6*a**2 - 7*a + 10. Let b be h(7). Let s be b*(-1)/(-2)*3. Suppose 4*f = 13 + 7. Calculate the highest common factor of s and f.
5
Let v = -13 - -21. Suppose -v = -5*c + c. Calculate the highest common divisor of 2 and c.
2
Let u be (-7)/(28/(-96)) + -2. Calculate the greatest common factor of 11 and u.
11
Suppose -2*a = 3*l - 5*a - 18, 5*a + 14 = -3*l. Suppose i = -l*i - 36. Let y be (i/(-10))/((-6)/(-900)). Calculate the greatest common divisor of y and 20.
20
Let p(z) = -z**3 + 2*z**2 + 3*z + 2. Let o be p(3). Suppose o*s = r + 112 - 18, 82 = 2*s - 4*r. Calculate the greatest common factor of 7 and s.
7
Suppose -42 = -3*w + 3. Calculate the greatest common factor of w and 105.
15
Let i(w) = 2*w**2 - 10. Let n be i(-9). What is the greatest common divisor of 19 and n?
19
Suppose -2*t - 2*f + 46 = 0, -3 = -2*f - f. Let r be (28/(-5))/(t/(-275)). What is the highest common factor of r and 10?
10
Let g be (-4)/(-26) + 2340/169. Suppose -3*b = -106 - g. What is the highest common divisor of b and 5?
5
Let y(n) = n**3 - 2*n**2 - n - 38. Let g be y(7). Calculate the greatest common divisor of g and 50.
50
Let k(x) = 5*x + 5. Let h be k(-4). Let i be (-3)/(-2)*(-80)/h. Suppose q = d + d - 18, -d + q + i = 0. Calculate the greatest common factor of 2 and d.
2
Suppose u - 26 = -0*u - 4*h, 4*u - 5*h - 62 = 0. Calculate the highest common factor of 27 and u.
9
Let j = 109 - 99. What is the highest common divisor of j and 130?
10
Let c = 206 + -83. Suppose -c + 5 = -5*t + 2*b, -t + 5*b + 42 = 0. What is the highest common divisor of 11 and t?
11
Suppose -5*n - 5*o = -190, 0 = -3*n + 2*n + 2*o + 44. Suppose 6*k - 40 = 4*k. What is the highest common divisor of k and n?
20
Let u be 2/4*-4 + 4. Let n be u + 36/((-16)/(-4)). Calculate the greatest common divisor of 11 and n.
11
Let c(h) = 10*h**2 + 7*h - 11. Let y be c(7). What is the greatest common factor of y and 48?
48
Let v(q) = 30*q**2 + 2*q + 1. Let c be v(-1). What is the highest common factor of c and 29?
29
Suppose -j + 650 = 5*g, 2*g - 6 = 2. Suppose -2*i + j = 3*i. Let a(h) = h + 14. Let r be a(0). What is the highest common divisor of i and r?
14
Suppose -3*r + 4*v = 5*v - 7, -2*v = -5*r - 3. Let c = 6 + -68. Let d = r - c. What is the highest common factor of 9 and d?
9
Let k be (8/(-2))/(17 + -19). What is the highest common factor of 2 and k?
2
Let f = -98 + 173. Let k = -41 - -91. Calculate the greatest common divisor of k and f.
25
Let b(v) = -10*v + 5. Let p(x) = -x. Let s(z) = -b(z) + 5*p(z). Let c be s(4). Calculate the highest common divisor of c and 45.
15
Suppose -4*f - 4*h + 8 = 0, -2*h = f - 3*f + 24. Suppose -70 - f = -b. Calculate the greatest common divisor of 7 and b.
7
Let g = 118 - 22. Let n = -19 + 31. What is the highest common divisor of n and g?
12
Let a(g) = -2*g**2 - 1 + 5 + 7*g**2 - 3*g. Let h be a(4). Calculate the highest common divisor of h and 8.
8
Suppose -11*s + 207 - 53 = 0. What is the highest common divisor of s and 21?
7
Let f(p) = 5*p - 17. Let k be f(7). Suppose 0 = 3*n + 15, -n = -2*r - 0 - 3. Let v be (r/(-3))/((-2)/(-18)). What is the greatest common divisor of v and k?
6
Let i = -30 + 46. Let r be (1*6)/(2/8). Calculate the greatest common divisor of i and r.
8
Let p(g) be the third derivative of -g**5/60 + 7*g**4/24 + g**3/3 + 3*g**2. Let r be p(5). What is the greatest common factor of 24 and r?
12
Let n(l) = 19*l**2 - 4*l + 2. Suppose -7*z = -4*z - 6. Let m be n(z). Calculate the greatest common factor of m and 28.
14
Let t(g) = 2*g**2 - g + 1. Let s be t(1). Suppose s*k + 2*k - 56 = 0. Suppose -k - 10 = -2*f. What is the greatest common divisor of f and 6?
6
Let p be (270/(-40))/(6/(-80)). Let o be (-12)/8*20/(-3). Calculate the greatest common factor of o and p.
10
Let g(t) = -2*t - 6. Let p be g(-5). Let m be (p/(-6))/(4/(-6)). What is the highest common divisor of m and 11?
1
Let t be (1 + 1)/((-10)/(-70)). What is the greatest common divisor of 63 and t?
7
Suppose 23 = -i + 5*w - 33, -4*i - 104 = 4*w. Let p = 45 + i. Calculate the highest common divisor of p and 7.
7
Suppose -r + 8*c = 3*c + 57, 288 = -4*r + 5*c. Let z = 0 - r. Let n be 3/((-12)/z)*-4. What is the greatest common factor of n and 7?
7
Let k = 14 - 9. Suppose -k*z - 30 = -d, 48 = d - 2*z + 6*z. Calculate the greatest common factor of d and 10.
10
Suppose -g = -2*w - 7, -6*g = 2*w - g + 13. Let y be (-4 - w) + 41 + -1. What is the highest common factor of y and 16?
8
Let o(d) = 2*d**2 + 9*d + 8. Let f be o(-5). Let p(n) = 29*n**2 + 3*n - 1. Let b be p(-3). Let j = b - 160. Calculate the greatest common factor of j and f.
13
Suppose 5*a - 197 = 5*p + 128, 125 = 2*a + 3*p. Let n be 4/16 - 30/(-8). Suppose -s = -n, 0*i + 44 = 5*i + s. Calculate the greatest common divisor of i and a.
8
Suppose 4*y - 94 = -3*j, 10 = -2*y - 3*j + 60. Calculate the greatest common divisor of y and 55.
11
Suppose 0 = t, 4*b - 4*t = -0*t + 40. Let c be b*1 - -1 - -2. Let f = 202 - 59. Calculate the greatest common divisor of f and c.
13
Suppose -4*z = -5 - 11. Calculate the greatest common factor of 10 and z.
2
Suppose -3*w - 162 - 69 = 0. Let d be (2 - -37)/(1/3). Let m = d + w. What is the greatest common divisor of m and 5?
5
Let x be -3 + 4/(4/3). Suppose -5*o + 22 = -2*a + 3, x = -5*o - 3*a + 9. Calculate the highest common divisor of 9 and o.
3
Suppose 2*h - 18 = 4. Calculate the highest common divisor of h and 11.
11
Suppose 4*q = -5*m + 176, 2*m + m - 135 = -3*q. Suppose p + 3*d - 4 = 3, -4*d = -3*p + 21. Calculate the highest common factor of q and p.
7
Let o(w) = -w**3 + 6*w**2 - 5*w + 4. Let l be o(5). Suppose 0 = -0*p - l*p - 4. Let b be p/(-1) + (-3 - -106). Calculate the highest common divisor of 13 and b.
13
Let h be 58*1/6 - (-4)/(-6). Calculate the highest common divisor of h and 27.
9
Let o be 2/(-9) + (-368)/(-36). What is the highest common divisor of 2 and o?
2
Suppose l + 7 = 3, 5*q - 4*l = 31. Suppose q*o - 1 = 17. Calculate the greatest common factor of 42 and o.
6
Let o(s) = -s**3 - 3*s**2 - 3*s - 3. Let k be o(-6). Suppose -2*f + k = w - 0*f, -5*f = w - 126. Calculate the highest common factor of 11 and w.
11
Let x = -363 - -581. Suppose -4*u + 2*g = -x, u - 12 = 5*g + 38. Suppose -8 = m - 30. What is the greatest common divisor of m and u?
11
Suppose -4 - 5 = 3*y + 3*c, -4*c + 30 = -3*y. Let s be 242/6 - y/(-18). Let b be (-32)/6*(-6)/4. Calculate the highest common factor of s and b.
8
Suppose 7*o = 3*o - v + 14, 3*o = -4*v + 4. Let l be o/(-18) + 263/9. Suppose -x = -l - 31. What is the greatest common divisor of x and 20?
20
Let o = -75 + 88. Calculate the greatest common divisor of o and 39.
13
Let m(r) = -34*r**3 + r**2. Let s be m(-2). What is the greatest common divisor of 12 and s?
12
Let s(f) = -f**3 + 12*f**2 - 12*f - 6. Let n be s(8). What is the highest common divisor of n and 14?
14
Let c(a) = 3*a**2 + 11*a. Let d be c(-6). Calculate the highest common divisor of d and 28.
14
Let f be 12*(-3)/(-3) - 0. Calculate the highest common divisor of f and 3.
3
Let v(z) = -10*z + 9. Let r be v(7). Let c = r + 121. Calculate the greatest common factor of 24 and c.
12
Let z = 5 - 3. Suppose -z*s = 3*s - 585. What is the highest common factor of s and 13?
13
Let d(y) = -y**3 + 6*y**2 - 3*y - 5. Let m be d(5). What is the greatest common factor of 25 and m?
5
Suppose 3*o + 4*w + 2 = 0, 4*o - 4*w = o + 14. What is the highest common divisor of o and 14?
2
Let c(g) = g - 2*g + 2 + 1. Let v be c(3). Let f(i) = -i**2 + i + 56. Let u be f(v). What is the greatest common factor of u and 7?
7
Let z be (-13 + 0)*(-1 - 0). Suppose -3*a + 3*j = -0*a - 129, 20 = -5*j. Calculate the highest common divisor of a and z.
13
Suppose b - 53 = 3. What is the greatest common divisor of 7 and b?
7
Let k(z) be the second derivative of -z**4/12 + z**2/2 - 3*z. Let h be k(1). Let j = h - -24. Calculate the highest common divisor of j and 12.
12
Let p = 142 - 21. What is the highest common divisor of 11 and p?
11
Suppose 0 = -5*i - 21 + 1. Let s(v) = 7*v + 8. Let x(q) = 1. Let z(y) = -s(y) + 2*x(y). Let o be z(i